58?
8
What is the ten millions digit of 448531507?
4
What is the millions digit of 3422430016?
2
What is the tens digit of 733725921?
2
What is the hundred millions digit of 101983167?
1
What is the thousands digit of 229999296?
9
What is the thousands digit of 147890233?
0
What is the ten millions digit of 296829677?
9
What is the millions digit of 83605176?
3
What is the hundred thousands digit of 145390649?
3
What is the billions digit of 1497186263?
1
What is the thousands digit of 1370332740?
2
What is the units digit of 497172926?
6
What is the ten thousands digit of 64241183?
4
What is the hundreds digit of 758401166?
1
What is the billions digit of 1867285279?
1
What is the millions digit of 2236337665?
6
What is the tens digit of 47587906?
0
What is the thousands digit of 365212479?
2
What is the hundred millions digit of 1112424706?
1
What is the billions digit of 1111876256?
1
What is the thousands digit of 51971897?
1
What is the millions digit of 407227911?
7
What is the ten millions digit of 401007036?
0
What is the ten millions digit of 947327633?
4
What is the hundreds digit of 42401328?
3
What is the thousands digit of 127704202?
4
What is the hundreds digit of 470014629?
6
What is the ten millions digit of 1432513422?
3
What is the tens digit of 110995853?
5
What is the hundred millions digit of 1071938668?
0
What is the thousands digit of 159036960?
6
What is the units digit of 34182606?
6
What is the ten thousands digit of 73164267?
6
What is the units digit of 34840790?
0
What is the thousands digit of 85164702?
4
What is the hundred thousands digit of 178881347?
8
What is the ten millions digit of 1082710812?
8
What is the ten millions digit of 83126830?
8
What is the tens digit of 3690034315?
1
What is the ten millions digit of 677729549?
7
What is the hundred millions digit of 449081926?
4
What is the hundred thousands digit of 80461314?
4
What is the units digit of 586152996?
6
What is the millions digit of 1308064155?
8
What is the tens digit of 536888983?
8
What is the tens digit of 2366018385?
8
What is the hundred thousands digit of 595851248?
8
What is the thousands digit of 16496177?
6
What is the hundreds digit of 209714908?
9
What is the hundreds digit of 11939957?
9
What is the hundreds digit of 632896955?
9
What is the millions digit of 92189104?
2
What is the millions digit of 1906454258?
6
What is the hundreds digit of 1679029224?
2
What is the units digit of 6470869?
9
What is the ten thousands digit of 1787804512?
0
What is the hundred thousands digit of 37452904?
4
What is the millions digit of 28569900?
8
What is the thousands digit of 161623113?
3
What is the hundreds digit of 14593929?
9
What is the thousands digit of 93672324?
2
What is the hundred thousands digit of 2467041052?
0
What is the millions digit of 128855736?
8
What is the hundreds digit of 290039754?
7
What is the millions digit of 44157416?
4
What is the ten millions digit of 29921364?
2
What is the hundred thousands digit of 1738022775?
0
What is the thousands digit of 17336753?
6
What is the tens digit of 34861900?
0
What is the tens digit of 663202692?
9
What is the billions digit of 2427815138?
2
What is the millions digit of 634489513?
4
What is the hundreds digit of 1205810943?
9
What is the hundreds digit of 380750887?
8
What is the thousands digit of 1733298585?
8
What is the millions digit of 112643444?
2
What is the ten thousands digit of 17398519?
9
What is the ten thousands digit of 132586572?
8
What is the ten thousands digit of 805829157?
2
What is the ten millions digit of 3633779826?
3
What is the thousands digit of 820228474?
8
What is the units digit of 1857270068?
8
What is the ten millions digit of 134433032?
3
What is the ten millions digit of 4297696257?
9
What is the thousands digit of 3078403299?
3
What is the ten thousands digit of 6506304718?
0
What is the units digit of 8089642?
2
What is the millions digit of 44084395?
4
What is the ten millions digit of 3951447068?
5
What is the units digit of 828348?
8
What is the hundred thousands digit of 2546438922?
4
What is the ten thousands digit of 3727361864?
6
What is the millions digit of 16627854?
6
What is the tens digit of 244464671?
7
What is the hundreds digit of 2416765850?
8
What is the tens digit of 938060224?
2
What is the ten millions digit of 768158284?
6
What is the ten millions digit of 835197615?
3
What is the thousands digit of 103718034?
8
What is the ten millions digit of 6710477633?
1
What is the hundred thousands digit of 2053389005?
3
What is the millions digit of 1263612126?
3
What is the millions digit of 955952980?
5
What is the tens digit of 81536581?
8
What is the hundreds digit of 18861747?
7
What is the units digit of 560609830?
0
What is the tens digit of 2566603179?
7
What is the ten thousands digit of 34274638?
7
What is the hundreds digit of 63121614?
6
What is the thousands digit of 21206187?
6
What is the hundred thousands digit of 766198259?
1
What is the thousands digit of 688075476?
5
What is the millions digit of 44666063?
4
What is the hundreds digit of 116714845?
8
What is the millions digit of 75813631?
5
What is the millions digit of 101196545?
1
What is the hundreds digit of 578997159?
1
What is the millions digit of 215259476?
5
What is the millions digit of 139705309?
9
What is the units digit of 98140174?
4
What is the millions digit of 359816972?
9
What is the units digit of 74535398?
8
What is the units digit of 3500370139?
9
What is the units digit of 63666900?
0
What is the units digit of 255259291?
1
What is the ten millions digit of 264417687?
6
What is the units digit of 30891450?
0
What is the millions digit of 398622662?
8
What is the millions digit of 1463943596?
3
What is the hundred thousands digit of 134491891?
4
What is the millions digit of 1049014424?
9
What is the hundred thousands digit of 4515386252?
3
What is the thousands digit of 1170582931?
2
What is the ten thousands digit of 77763853?
6
What is the tens digit of 11612034?
3
What is the millions digit of 55246368?
5
What is the hundreds digit of 26595821?
8
What is the millions digit of 3156402856?
6
What is the ten thousands digit of 18684879?
8
What is the units digit of 945640?
0
What is the hundreds digit of 242921434?
4
What is the hundreds digit of 134227424?
4
What is the tens digit of 921094966?
6
What is the tens digit of 34111448?
4
What is the ten thousands digit of 24718309?
1
What is the millions digit of 15643086?
5
What is the ten thousands digit of 195492638?
9
What is the hundred thousands digit of 170137040?
1
What is the millions digit of 1577852448?
7
What is the ten millions digit of 476730763?
7
What is the units digit of 48045793?
3
What is the ten millions digit of 79262299?
7
What is the ten thousands digit of 1238373175?
7
What is the billions digit of 6681773663?
6
What is the ten millions digit of 918827546?
1
What is the ten millions digit of 314990741?
1
What is the ten millions digit of 358863086?
5
What is the units digit of 917791258?
8
What is the ten millions digit of 46163411?
4
What is the tens digit of 597087022?
2
What is the hundreds digit of 4233872893?
8
What is the ten thousands digit of 73179?
7
What is the tens digit of 322133105?
0
What is the hundreds digit of 171760262?
2
What is the hundred millions digit of 704873680?
7
What is the ten millions digit of 85354132?
8
What is the hundred millions digit of 1201251265?
2
What is the millions digit of 584091484?
4
What is the ten thousands digit of 32075060?
7
What is the hundred thousands digit of 457440691?
4
What is the billions digit of 2428136163?
2
What is the hundred millions digit of 904992318?
9
What is the hundred thousands digit of 3161431525?
4
What is the millions digit of 301342365?
1
What is the units digit of 781403077?
7
What is the hundreds digit of 183957289?
2
What is the millions digit of 145586850?
5
What is the tens digit of 4820069?
6
What is the units digit of 4309626560?
0
What is the units digit of 6696083081?
1
What is the ten millions digit of 1613824624?
1
What is the hundreds digit of 1054179793?
7
What is the billions digit of 1366067667?
1
What is the hundreds digit of 7549280862?
8
What is the thousands digit of 17